{"id":59,"date":"2023-11-16T08:24:35","date_gmt":"2023-11-16T07:24:35","guid":{"rendered":"https:\/\/dev.fsystem.at\/neu\/?page_id=59"},"modified":"2023-12-29T09:07:42","modified_gmt":"2023-12-29T08:07:42","slug":"impressum","status":"publish","type":"page","link":"https:\/\/dev.fsystem.at\/?page_id=59","title":{"rendered":"Impressum"},"content":{"rendered":"\t\t<div data-elementor-type=\"wp-page\" data-elementor-id=\"59\" class=\"elementor elementor-59\">\n\t\t\t\t<div class=\"elementor-element elementor-element-c94b367 e-flex e-con-boxed e-con e-parent\" data-id=\"c94b367\" data-element_type=\"container\" data-e-type=\"container\">\n\t\t\t\t\t<div class=\"e-con-inner\">\n\t\t\t\t<div class=\"elementor-element elementor-element-24832cc2 elementor-widget elementor-widget-text-editor\" data-id=\"24832cc2\" data-element_type=\"widget\" data-e-type=\"widget\" data-widget_type=\"text-editor.default\">\n\t\t\t\t<div class=\"elementor-widget-container\">\n\t\t\t\t\t\t\t\t\t<p style=\"text-align: center;\"><\/p>\n<table class=\" aligncenter\">\n<tbody>\n<tr>\n<td><strong>Name des Verbandes:<\/strong><\/td>\n<td><strong>Ober\u00f6sterreichischer Segelverband (O\u00d6SV)<\/strong><\/td>\n<\/tr>\n<tr>\n<td><strong>Verbandssitz &amp; Postadresse:<\/strong><\/td>\n<td>Rathausgasse 1 Top4, 4020 Linz<\/td>\n<\/tr>\n<tr>\n<td><strong>Vereinsregisternummer:<\/strong><\/td>\n<td>ZVR824664742<\/td>\n<\/tr>\n<tr>\n<td><strong>Kontoverbindung:<\/strong><\/td>\n<td>IBAN AT28 2032 0000 0013 3736, BIC ASPKAT2LXXX <br \/>Allgemeine Sparkasse O\u00d6 Bank AG<\/td>\n<\/tr>\n<tr>\n<td><strong>Internetseite:<\/strong><\/td>\n<td><a href=\"https:\/\/dev.fsystem.at\/\">www.ooesv.at<\/a><\/td>\n<\/tr>\n<tr>\n<td><strong>E-Mail:<\/strong><\/td>\n<td><a href=\"mailto:sekretariat@dev.fsystem.at\">sekretariat@dev.fsystem.at<\/a><\/td>\n<\/tr>\n<tr>\n<td><strong>Vorstandsmitglieder:<\/strong><\/td>\n<td>Mag. Michael Farthofer<br \/>Mag. Stephan Beurle,<br \/>Stephan Binder,<br \/>Mag. Harald Schuh,<br \/>Mag. Michael Burgstaller,<br \/>Christian Hotwagner,<br \/>Dipl.Ing. Karin Hoff<\/td>\n<\/tr>\n<tr>\n<td><strong>Webseitenbetreuung:<\/strong><\/td>\n<td>Dipl. Ing. Stefan Flehberger, im Auftrag des O\u00d6SV<\/td>\n<\/tr>\n<tr>\n<td><strong>Copyright:<\/strong><\/td>\n<td>Die Inhalte dieser Homepage sind unser geistiges Eigentum und als solche urheberrechtlich gesch\u00fctzt. Kopieren, Vervielf\u00e4ltigen oder Verbreiten von Bildern und Texten oder Textpassagen (auch auszugsweise) ist nur mit unserem schriftlichen Einverst\u00e4ndnis erlaubt. Erlaubt ist der Gebrauch f\u00fcr rein private Zwecke.<\/td>\n<\/tr>\n<tr>\n<td><strong>Haftungsausschluss:<\/strong><\/td>\n<td>Da diese Homepage rein informativen Charakter besitzt, haftet der Betreiber f\u00fcr keinerlei Sch\u00e4den \u2014 egal welcher Natur \u2014 die aus der Verwendung von Inhalten dieser Homepage resultieren. Wir \u00fcbernehmen keinerlei Haftung f\u00fcr Internetseiten, die durch Links auf unserer Homepage erreicht werden. F\u00fcr den Inhalt der verlinkten Seiten sind ausschlie\u00dflich deren Betreiber verantwortlich.<\/td>\n<\/tr>\n<tr>\n<td><strong>Regattateilnehmerdaten:<\/strong><\/td>\n<td>\n<p>Der Teilnehmer erkl\u00e4rt sein ausdr\u00fcckliches Einverst\u00e4ndnis, dass seine pers\u00f6nlichen Daten (Name, Adresse, Geburtsjahrgang, Clubzugeh\u00f6rigkeit, Bootsklasse, Regattaplatzierung) f\u00fcr nachstehende Zwecke an den Ober\u00f6sterreichischen Segelverband (O\u00d6SV), den \u00d6sterreichischen Segelverband (OeSV) und die Landessportorganisationen (LSO) sowie die Sport Austria weitergegeben werden k\u00f6nnen:<br \/>\u00b7\u00a0\u00a0\u00a0\u00a0\u00a0\u00a0\u00a0\u00a0\u00a0\u00a0 Verleihungen und Durchf\u00fchrung von Ehrungen<br \/>\u00b7\u00a0\u00a0\u00a0\u00a0\u00a0\u00a0\u00a0\u00a0\u00a0\u00a0 Leistungsberichte<br \/>\u00b7\u00a0\u00a0\u00a0\u00a0\u00a0\u00a0\u00a0\u00a0\u00a0\u00a0 Erstellung von Statistiken<\/p>\n<p>Dar\u00fcber hinaus erkl\u00e4rt der Teilnehmer seine ausdr\u00fcckliche Einwilligung, dass sein Name, seine Platzierungen und sein Heimatclub im Rahmen von Regattaberichten, Ergebnislisten und Medienberichten, und zwar sowohl \u00fcber digitale als auch analoge und elektronische Medien ver\u00f6ffentlicht werden.\u00a0<br \/>Zur n\u00e4heren Erl\u00e4uterung wird auf die Datenschutzerkl\u00e4rung verwiesen.<\/p>\n<\/td>\n<\/tr>\n<tr>\n<td><strong>Datenschutzerkl\u00e4rung:<\/strong><\/td>\n<td style=\"text-align: left;\">\n<p>Wir haben diese Datenschutzerkl\u00e4rung (Fassung 14.12.2020-111551610) verfasst, um Ihnen gem\u00e4\u00df der Vorgaben der\u00a0<a href=\"https:\/\/eur-lex.europa.eu\/legal-content\/DE\/ALL\/?uri=celex%3A32016R0679&amp;tid=111551610\" target=\"_blank\" rel=\"noreferrer noopener\">Datenschutz-Grundverordnung (EU) 2016\/679<\/a>\u00a0zu erkl\u00e4ren, welche Informationen wir sammeln, wie wir Daten verwenden und welche Entscheidungsm\u00f6glichkeiten Sie als Besucher dieser Webseite haben.<\/p>\n<p>Automatische Datenspeicherung<br \/>Wenn Sie heutzutage Webseiten besuchen, werden gewisse Informationen automatisch erstellt und gespeichert, so auch auf dieser Webseite.<br \/>Wenn Sie unsere Webseite besuchen, speichert unser Webserver (Computer auf dem diese Webseite gespeichert ist) automatisch Daten wie<br \/>\u00b7\u00a0\u00a0\u00a0\u00a0\u00a0\u00a0\u00a0\u00a0 die Adresse (URL) der aufgerufenen Webseite<br \/>\u00b7\u00a0\u00a0\u00a0\u00a0\u00a0\u00a0\u00a0\u00a0 Browser und Browserversion<br \/>\u00b7\u00a0\u00a0\u00a0\u00a0\u00a0\u00a0\u00a0\u00a0 das verwendete Betriebssystem<br \/>\u00b7\u00a0\u00a0\u00a0\u00a0\u00a0\u00a0\u00a0\u00a0 die Adresse (URL) der zuvor besuchten Seite (Referrer URL)<br \/>\u00b7\u00a0\u00a0\u00a0\u00a0\u00a0\u00a0\u00a0\u00a0 den Hostname und die IP-Adresse des Ger\u00e4ts von welchem aus zugegriffen wird<br \/>\u00b7\u00a0\u00a0\u00a0\u00a0\u00a0\u00a0\u00a0\u00a0 Datum und Uhrzeit<br \/>in Dateien (Webserver-Logfiles).<br \/>In der Regel werden Webserver-Logfiles zwei Wochen gespeichert und danach automatisch gel\u00f6scht. Wir geben diese Daten nicht weiter, k\u00f6nnen jedoch nicht ausschlie\u00dfen, dass diese Daten beim Vorliegen von rechtswidrigem Verhalten eingesehen werden.<br \/><br \/><\/p>\n<p><em>Speicherung pers\u00f6nlicher Daten<\/em><br \/>Pers\u00f6nliche Daten, die Sie uns auf dieser Website elektronisch \u00fcbermitteln, wie zum Beispiel Name, E-Mail-Adresse, Adresse oder andere pers\u00f6nlichen Angaben im Rahmen der \u00dcbermittlung eines Formulars oder Kommentaren im Blog, werden von uns gemeinsam mit dem Zeitpunkt und der IP-Adresse nur zum jeweils angegebenen Zweck verwendet, sicher verwahrt und nicht an Dritte weitergegeben.<br \/>Wir nutzen Ihre pers\u00f6nlichen Daten somit nur f\u00fcr die Kommunikation mit jenen Besuchern, die Kontakt ausdr\u00fccklich w\u00fcnschen und f\u00fcr die Abwicklung der auf dieser Webseite angebotenen Dienstleistungen und Produkte. Wir geben Ihre pers\u00f6nlichen Daten ohne Zustimmung nicht weiter, k\u00f6nnen jedoch nicht ausschlie\u00dfen, dass diese Daten beim Vorliegen von rechtswidrigem Verhalten eingesehen werden.<\/p>\n<p>Wenn Sie uns pers\u00f6nliche Daten per E-Mail schicken \u2013 somit abseits dieser Webseite \u2013 k\u00f6nnen wir keine sichere \u00dcbertragung und den Schutz Ihrer Daten garantieren. Wir empfehlen Ihnen, vertrauliche Daten niemals unverschl\u00fcsselt per E-Mail zu \u00fcbermitteln.<\/p>\n<\/td>\n<\/tr>\n<\/tbody>\n<\/table>\n<p><strong>erstellt mit dem Impressum- und Datenschutz-Generator von\u00a0<a href=\"https:\/\/www.adsimple.at\/datenschutz-generator\/\" target=\"_blank\" rel=\"noreferrer noopener\">adsimple.at<\/a>,\u00a0<a href=\"https:\/\/www.firmenwebseiten.at\/datenschutz-generator\/\" target=\"_blank\" rel=\"noreferrer noopener\">firmenwebseiten.at<\/a><\/strong><\/p>\n<p><\/p>\t\t\t\t\t\t\t\t<\/div>\n\t\t\t\t<\/div>\n\t\t\t\t\t<\/div>\n\t\t\t\t<\/div>\n\t\t\t\t<\/div>\n\t\t","protected":false},"excerpt":{"rendered":"<p>Name des Verbandes: Ober\u00f6sterreichischer Segelverband (O\u00d6SV) Verbandssitz &amp; Postadresse: Rathausgasse 1 Top4, 4020 Linz Vereinsregisternummer: ZVR824664742 Kontoverbindung: IBAN AT28 2032 0000 0013 3736, BIC ASPKAT2LXXX Allgemeine Sparkasse O\u00d6 Bank AG Internetseite: www.ooesv.at E-Mail: sekretariat@dev.fsystem.at Vorstandsmitglieder: Mag. Michael FarthoferMag. Stephan Beurle,Stephan Binder,Mag. Harald Schuh,Mag. Michael Burgstaller,Christian Hotwagner,Dipl.Ing. Karin Hoff Webseitenbetreuung: Dipl. Ing. Stefan Flehberger, im Auftrag [&hellip;]<\/p>\n","protected":false},"author":1,"featured_media":0,"parent":0,"menu_order":0,"comment_status":"closed","ping_status":"closed","template":"","meta":{"footnotes":""},"class_list":["post-59","page","type-page","status-publish","hentry"],"publishpress_future_action":{"enabled":false,"date":"2026-04-25 14:28:21","action":"change-status","newStatus":"draft","terms":[],"taxonomy":"","extraData":[]},"publishpress_future_workflow_manual_trigger":{"enabledWorkflows":[]},"_links":{"self":[{"href":"https:\/\/dev.fsystem.at\/index.php?rest_route=\/wp\/v2\/pages\/59","targetHints":{"allow":["GET"]}}],"collection":[{"href":"https:\/\/dev.fsystem.at\/index.php?rest_route=\/wp\/v2\/pages"}],"about":[{"href":"https:\/\/dev.fsystem.at\/index.php?rest_route=\/wp\/v2\/types\/page"}],"author":[{"embeddable":true,"href":"https:\/\/dev.fsystem.at\/index.php?rest_route=\/wp\/v2\/users\/1"}],"replies":[{"embeddable":true,"href":"https:\/\/dev.fsystem.at\/index.php?rest_route=%2Fwp%2Fv2%2Fcomments&post=59"}],"version-history":[{"count":35,"href":"https:\/\/dev.fsystem.at\/index.php?rest_route=\/wp\/v2\/pages\/59\/revisions"}],"predecessor-version":[{"id":279,"href":"https:\/\/dev.fsystem.at\/index.php?rest_route=\/wp\/v2\/pages\/59\/revisions\/279"}],"wp:attachment":[{"href":"https:\/\/dev.fsystem.at\/index.php?rest_route=%2Fwp%2Fv2%2Fmedia&parent=59"}],"curies":[{"name":"wp","href":"https:\/\/api.w.org\/{rel}","templated":true}]}}