{"id":65,"date":"2023-11-16T08:24:35","date_gmt":"2023-11-16T07:24:35","guid":{"rendered":"https:\/\/dev.fsystem.at\/neu\/?page_id=65"},"modified":"2023-12-29T09:22:33","modified_gmt":"2023-12-29T08:22:33","slug":"foerderungen","status":"publish","type":"page","link":"https:\/\/dev.fsystem.at\/?page_id=65","title":{"rendered":"F\u00f6rderungen"},"content":{"rendered":"\n<p>Der O\u00d6SV f\u00f6rdert prim\u00e4r seine Mitgliedsvereine um diese bei der Jugendausbildung zu unterst\u00fctzen. Ein weiterer F\u00f6rderschwerpunkt sind die ober\u00f6sterreichischen regattaorientierten Jugendlichen. \u00dcber unsere j\u00e4hrlichen F\u00f6rderungen werden diese beiden Adressatenkreise direkt informiert.<\/p>\n","protected":false},"excerpt":{"rendered":"<p>Der O\u00d6SV f\u00f6rdert prim\u00e4r seine Mitgliedsvereine um diese bei der Jugendausbildung zu unterst\u00fctzen. Ein weiterer F\u00f6rderschwerpunkt sind die ober\u00f6sterreichischen regattaorientierten Jugendlichen. \u00dcber unsere j\u00e4hrlichen F\u00f6rderungen werden diese beiden Adressatenkreise direkt informiert.<\/p>\n","protected":false},"author":1,"featured_media":0,"parent":0,"menu_order":0,"comment_status":"closed","ping_status":"closed","template":"","meta":{"footnotes":""},"class_list":["post-65","page","type-page","status-publish","hentry"],"publishpress_future_action":{"enabled":false,"date":"2026-04-29 12:22:47","action":"change-status","newStatus":"draft","terms":[],"taxonomy":"","extraData":[]},"publishpress_future_workflow_manual_trigger":{"enabledWorkflows":[]},"_links":{"self":[{"href":"https:\/\/dev.fsystem.at\/index.php?rest_route=\/wp\/v2\/pages\/65","targetHints":{"allow":["GET"]}}],"collection":[{"href":"https:\/\/dev.fsystem.at\/index.php?rest_route=\/wp\/v2\/pages"}],"about":[{"href":"https:\/\/dev.fsystem.at\/index.php?rest_route=\/wp\/v2\/types\/page"}],"author":[{"embeddable":true,"href":"https:\/\/dev.fsystem.at\/index.php?rest_route=\/wp\/v2\/users\/1"}],"replies":[{"embeddable":true,"href":"https:\/\/dev.fsystem.at\/index.php?rest_route=%2Fwp%2Fv2%2Fcomments&post=65"}],"version-history":[{"count":2,"href":"https:\/\/dev.fsystem.at\/index.php?rest_route=\/wp\/v2\/pages\/65\/revisions"}],"predecessor-version":[{"id":283,"href":"https:\/\/dev.fsystem.at\/index.php?rest_route=\/wp\/v2\/pages\/65\/revisions\/283"}],"wp:attachment":[{"href":"https:\/\/dev.fsystem.at\/index.php?rest_route=%2Fwp%2Fv2%2Fmedia&parent=65"}],"curies":[{"name":"wp","href":"https:\/\/api.w.org\/{rel}","templated":true}]}}